is the greatest common divisor of 3396 and 72?
12
What is the highest common divisor of 848 and 2014?
106
What is the greatest common factor of 190 and 90?
10
What is the highest common factor of 15 and 18300?
15
What is the greatest common divisor of 68 and 6766?
34
Calculate the greatest common factor of 154 and 22253.
77
What is the highest common divisor of 8884 and 4?
4
What is the highest common divisor of 9056 and 849?
283
What is the greatest common divisor of 32 and 1256?
8
What is the greatest common divisor of 93 and 775?
31
What is the greatest common divisor of 8932 and 308?
308
What is the greatest common divisor of 1032 and 2967?
129
What is the greatest common divisor of 18864 and 16?
16
What is the highest common factor of 5 and 20?
5
Calculate the greatest common factor of 38 and 11324.
38
Calculate the greatest common divisor of 136 and 760.
8
Calculate the greatest common factor of 14 and 679.
7
Calculate the highest common factor of 1111 and 11.
11
What is the highest common divisor of 18673 and 71?
71
Calculate the highest common divisor of 14 and 511.
7
Calculate the greatest common divisor of 56 and 176.
8
Calculate the greatest common factor of 30 and 4670.
10
What is the greatest common factor of 4270 and 84?
14
Calculate the greatest common factor of 100 and 60.
20
What is the greatest common divisor of 6120 and 960?
120
What is the highest common factor of 11645 and 340?
85
What is the highest common divisor of 81 and 117?
9
What is the highest common divisor of 180 and 8?
4
Calculate the greatest common factor of 16 and 2.
2
What is the highest common divisor of 17 and 136?
17
Calculate the highest common divisor of 154 and 693.
77
What is the greatest common factor of 3222 and 54?
18
Calculate the highest common divisor of 110 and 5390.
110
Calculate the highest common factor of 140 and 80.
20
Calculate the greatest common divisor of 81 and 1.
1
What is the highest common divisor of 258 and 10707?
129
Calculate the greatest common factor of 5 and 160.
5
What is the greatest common factor of 276 and 2944?
92
What is the highest common factor of 309 and 1030?
103
What is the greatest common divisor of 30 and 270?
30
Calculate the highest common divisor of 4376 and 32.
8
What is the greatest common factor of 1207 and 17?
17
What is the highest common factor of 1782 and 132?
66
What is the greatest common divisor of 225 and 7110?
45
What is the greatest common factor of 46 and 8?
2
What is the greatest common factor of 16 and 76?
4
Calculate the highest common factor of 296 and 74.
74
What is the highest common factor of 128 and 832?
64
Calculate the greatest common divisor of 180 and 45.
45
What is the highest common factor of 132 and 1353?
33
Calculate the highest common factor of 90 and 1674.
18
What is the highest common divisor of 60 and 11010?
30
Calculate the greatest common factor of 1298 and 198.
22
What is the greatest common factor of 5025 and 737?
67
What is the highest common divisor of 133 and 114?
19
What is the highest common divisor of 121 and 847?
121
What is the greatest common divisor of 8 and 273?
1
Calculate the greatest common factor of 215 and 172.
43
What is the highest common divisor of 30 and 72?
6
Calculate the greatest common factor of 111 and 4477.
37
What is the greatest common factor of 1558 and 266?
38
Calculate the highest common factor of 267 and 356.
89
Calculate the highest common factor of 205 and 492.
41
Calculate the highest common divisor of 48 and 42.
6
What is the greatest common divisor of 297 and 66?
33
What is the greatest common divisor of 113 and 1?
1
What is the greatest common factor of 2327 and 39?
13
Calculate the greatest common factor of 77 and 21.
7
Calculate the highest common factor of 3 and 174.
3
What is the highest common factor of 21 and 63?
21
Calculate the highest common factor of 17339 and 7.
7
What is the greatest common divisor of 10 and 250?
10
Calculate the greatest common divisor of 12 and 84276.
12
What is the highest common factor of 12 and 100?
4
Calculate the highest common factor of 490 and 270.
10
Calculate the highest common factor of 91 and 65.
13
What is the greatest common divisor of 2163 and 21?
21
What is the highest common divisor of 375 and 25?
25
What is the greatest common divisor of 324 and 72?
36
Calculate the greatest common factor of 92 and 19274.
46
Calculate the highest common divisor of 64 and 104.
8
What is the highest common divisor of 3550 and 213?
71
Calculate the highest common divisor of 33 and 44.
11
What is the greatest common factor of 38 and 608?
38
Calculate the greatest common divisor of 240 and 45.
15
What is the greatest common factor of 855 and 19?
19
What is the greatest common divisor of 57 and 19?
19
What is the greatest common divisor of 185 and 161690?
185
Calculate the greatest common factor of 3663 and 297.
99
What is the greatest common factor of 12 and 72?
12
Calculate the highest common divisor of 5825 and 4427.
233
What is the highest common divisor of 105 and 15?
15
Calculate the highest common divisor of 111 and 31.
1
Calculate the greatest common factor of 18 and 243.
9
What is the greatest common factor of 356 and 89?
89
Calculate the greatest common factor of 424 and 742.
106
Calculate the highest common divisor of 30 and 18.
6
Calculate the greatest common divisor of 1 and 2861.
1
What is the greatest common factor of 5058 and 36?
18
What is the highest common divisor of 1085 and 558?
31
Calculate the highest common factor of 1512 and 112.
56
Calculate the highest common factor of 658 and 94.
94
Calculate the highest common divisor of 580 and 1508.
116
Calculate the highest common factor of 52 and 65.
13
Calculate the highest common divisor of 72 and 4296.
24
What is the greatest common divisor of 25738 and 17?
17
What is the highest common divisor of 12 and 60?
12
Calculate the highest common factor of 66 and 825.
33
Calculate the highest common factor of 198 and 42.
6
What is the greatest common divisor of 1034 and 33?
11
What is the greatest common factor of 448 and 182?
14
Calculate the greatest common factor of 950 and 1026.
38
What is the highest common factor of 1183 and 273?
91
What is the highest common divisor of 14 and 1071?
7
Calculate the highest common divisor of 10 and 5774.
2
Calculate the greatest common divisor of 6 and 21.
3
What is the greatest common divisor of 505 and 202?
101
What is the greatest common factor of 252 and 180?
36
Calculate the highest common divisor of 12534 and 6.
6
What is the greatest common factor of 105 and 70?
35
What is the highest common factor of 270 and 60480?
270
Calculate the greatest common divisor of 61 and 61.
61
What is the greatest common divisor of 57 and 30020?
19
Calculate the greatest common factor of 100 and 160.
20
What is the greatest common divisor of 451 and 11?
11
What is the highest common divisor of 114 and 17594?
38
Calculate the greatest common factor of 17 and 24.
1
What is the greatest common factor of 2330 and 30?
10
What is the greatest common factor of 435 and 10?
5
Calculate the highest common divisor of 306 and 18.
18
What is the greatest common factor of 783 and 9?
9
Calculate the highest common factor of 3487 and 99.
11
Calculate the greatest common factor of 5786 and 11.
11
What is the highest common factor of 99 and 11088?
99
What is the highest common divisor of 2915 and 55?
55
What is the highest common divisor of 148 and 370?
74
What is the highest common divisor of 125 and 100?
25
Calculate the greatest common divisor of 152 and 95.
19
What is the greatest common divisor of 165 and 43065?
165
Calculate the greatest common divisor of 17 and 170.
17
Calculate the greatest common divisor of 42 and 5362.
14
Calculate the highest common divisor of 36 and 4932.
36
What is the highest common divisor of 8 and 72?
8
What is the highest common divisor of 7 and 1008?
7
Calculate the highest common divisor of 360 and 80.
40
Calculate the greatest common divisor of 77 and 1246.
7
Calculate the highest common divisor of 114 and 1026.
114
Calculate the greatest common divisor of 11060 and 60.
20
Calculate the greatest common factor of 58 and 2.
2
Calculate the greatest common factor of 38 and 2.
2
What is the highest commo